0 + (-4)/22 - 1140846/(-77). Suppose -5489 = 3*o - u. Is o composite?
False
Let i be 84/(-8) + 2/4. Let v be (-1)/(-5) + 2/i. Suppose 14*a - 5238 - 488 = v. Is a composite?
False
Let k = 25429 - -32614. Is k prime?
True
Let q = 29 - 59. Let o = q - -49. Suppose 8059 = o*h - 1042. Is h a prime number?
True
Let q = 79 - 49. Let s(g) = -g**3 + 69*g**2 + 63*g - 43. Is s(q) a prime number?
True
Suppose 590439 = -52*p + p + 10220616. Is p a composite number?
False
Let t(k) = -54*k**2 + 8*k - 6. Let s(l) = 54*l**2 - 7*l + 6. Let o(p) = -6*s(p) - 5*t(p). Let j be o(-4). Let c = -325 - j. Is c a composite number?
True
Let h be (-196)/441 + (-58)/(-9). Let r(f) = 31*f**3 + 7*f**2 - 26*f + 13. Is r(h) prime?
False
Let q(l) = -l - 154 + 8 + 4*l + 2*l. Let a be q(0). Let z = 543 + a. Is z prime?
True
Let w(y) = -120*y**2 - 3*y + 8. Let z(q) = -121*q**2 - 3*q + 8. Let d(p) = -3*w(p) + 2*z(p). Suppose 4*g + 2*k + 6 = 2*g, -5*k + 10 = 0. Is d(g) prime?
True
Let d(t) = t**2 + 30*t - 41. Let k(a) = -2*a**2 - 89*a + 124. Let n(y) = 8*d(y) + 3*k(y). Suppose -f = -5, f + 2*f + 61 = 4*s. Is n(s) composite?
True
Let c be 0 + (7 - 4)/(12/8). Is (-2 + 1)*c*28252/(-8) prime?
False
Suppose -h + 45230 = r, -r + 129306 = 5*h - 96856. Is h prime?
True
Let o = 3750 + -7232. Let v = o - -6415. Is v a prime number?
False
Let p = 2040 + 48377. Is p composite?
False
Is ((-18)/(-57))/((-18)/(-342)) + 494777 composite?
False
Let g be 35 + (-2)/(-4)*-6*1. Let q be 4/g*1686 + (-2)/(-8). Suppose -4*z - 3*y = -4422 + q, -y = 3. Is z composite?
True
Let p(o) = 95 + 133*o + 164*o + 185*o + 233 - 119*o. Is p(15) composite?
True
Suppose i - 2*i + 10 = 0. Is 2/i - 17704/(-5) a composite number?
False
Let w be 16301/5 + (1 - (-24)/(-20)). Suppose -m = -2*m + w. Let c = m - 1967. Is c a composite number?
True
Suppose -4*u = 5*u. Suppose u = -4*v + 5*h - 13, 2*v + 12 = v + 3*h. Suppose -v*c = 5*m - c - 1187, 3*m = -c + 713. Is m a prime number?
True
Suppose 7*s - 2*s - 369545 = 0. Is s composite?
True
Let h(m) = 2105*m - 3273. Is h(22) a composite number?
False
Let m(a) = 4433*a + 2281. Is m(12) composite?
True
Let o be 4*2 - (-1)/(411/(-51) - -8). Let i(v) = -2*v - v**3 + v + v**2 + 22 - 2*v. Is i(o) a composite number?
False
Let s = 761657 - 382486. Is s prime?
False
Suppose -9 = 3*w, 4*u - 3*w + 994 = 12767. Is u composite?
True
Suppose 0 = 2*n - 6, 4*n = 2*d + 3*d - 3. Let m be (50/15)/(4*d/(-2574)). Let h = m - -1356. Is h a prime number?
True
Let d = -28861 + 15210. Is (-2 + -4 - d) + -4 prime?
False
Let h(w) = -4645*w + 396. Is h(-15) prime?
False
Is 4/18 + 11 + (-1079)/117 - -22379 a prime number?
True
Let p = 37 - 33. Suppose -5*l + 49 = -0*m - 4*m, -p*m = 4. Is 1266/l*(-9)/(-6) a prime number?
True
Suppose -1036*m = -1032*m - 66596. Is m a prime number?
True
Suppose 3*r - 64 + 319 = 0. Suppose 4*g = 8, -2*t = g - 4*g + 46. Let h = t - r. Is h a composite number?
True
Let y(l) = -l**3 - 6*l**2 + 6*l - 5. Let c be 1*(-6 + 3 - 4). Let o be y(c). Suppose o*v - 1197 = 1025. Is v a composite number?
True
Suppose -c = -5*s + 14, 0 = 4*s + 2*c + 2*c + 8. Let o(n) = -13*n - 6 - 24 + 2*n**2 + 0*n + 24*n**s. Is o(-5) a prime number?
False
Let l(t) = -2*t - 2. Let v be l(8). Let f(o) = -449*o + 76. Is f(v) composite?
True
Suppose 2*s + 0*s = -2*s. Suppose s*d - 7051 = -d + 5*c, 5*c = -2*d + 14087. Suppose d = 2*n - 2*h, -2*n - 3*h - 1113 = -8179. Is n prime?
True
Suppose 4*l - 109 = -2*u + 19, l - 14 = -5*u. Suppose -2*m - 3*j - l = 0, j - 2*j - 16 = m. Is (-105)/m*-2*526/(-6) a prime number?
False
Let p(a) = 1871*a**3 - a**2 - 2*a + 1. Let h = -411 - -413. Is p(h) composite?
True
Let c be (-698)/(2/(-8)*(-10 + 2)). Let w = c + 1968. Is w a composite number?
False
Suppose 22*d + 7*d = -1635252. Is (d/(-6))/(1 + 0 - -1) prime?
False
Let y(j) = j**3 - 11*j**2 - 2*j + 19801. Is y(0) a prime number?
True
Let c be (-3141)/3 + 1/1. Let j = -312 - c. Is j prime?
False
Let s = -604405 + 928046. Is s prime?
True
Let m = 17514 + 8453. Is m a prime number?
False
Suppose -3*g - 3 = 0, -4*g + 119841 = 31*v - 26*v. Is v prime?
False
Suppose 13*d - 72060 = d. Let o = d - 3244. Is o prime?
False
Let u = 108990 + -73927. Is u a composite number?
True
Suppose -4*z + 19*z = 330. Suppose z = o + 19. Suppose 4*p = -2*j - 49 + 2879, -o*p - 2*j + 2121 = 0. Is p prime?
True
Suppose x + 42*y - 17738 = 45*y, -5*x - 3*y = -88672. Is x composite?
True
Let a be (10/(-3))/(12/(-54))*165. Let b = a - 1258. Is b prime?
True
Is 8963361/(-99)*(0 + -1) prime?
False
Let f be (((-330)/9)/(-1))/(4/(-12)). Let z = f + 107. Is 2232 + (0 - z) + 2 composite?
False
Is (-1009063)/(-11)*(-5)/(-5) prime?
True
Let y be (-10 - -5) + 4 + -1. Is ((-11590)/(-4) + y)/((-28)/(-56)) prime?
True
Let v = 10931 - -27122. Is v a prime number?
True
Let o(v) = -7*v - 4. Let a be o(-2). Let t = a - 4. Suppose 14*b - 120 = t*b. Is b prime?
False
Suppose 2*t - 4*k = -58, -4*t = 2*k + 113 - 37. Let j = 28 + t. Suppose j*c - 6*c - 487 = 0. Is c composite?
False
Suppose -5*f - 91713 + 3473 = 0. Let g = -520 + f. Is g/(-15) + (-1)/5 prime?
False
Suppose 0 = -3*f - 3*j - 872 + 35792, 23280 = 2*f + 4*j. Suppose 2*x + 3*s + 4651 = 4*x, -5*x + 5*s = -f. Is x prime?
True
Is (3 - -2 - 798787/(-77)) + (-3)/(-21) a composite number?
True
Let b = 52813 - 28692. Is b composite?
False
Let f(u) = -14349*u + 5243. Is f(-4) a prime number?
True
Let p be 1/(-4)*-51*16/(-4). Let z be p/(-12) - (-2)/(-8). Suppose 0 = -a - 2*r + 4711, 6*a - z*a - 3*r - 9422 = 0. Is a prime?
False
Suppose c + 4*s = 132297, -31*c + 30*c = -2*s - 132291. Is c a prime number?
False
Suppose -1265180 - 1994285 = -55*s. Is s composite?
False
Is -3 + 46/14 - (-83790954)/434 prime?
False
Let f = -29584 + 373723. Is f a composite number?
True
Let o(v) = -v + 133635. Let g be o(0). Let i = -88 - -53. Is (-2)/(-7) - (g/i)/3 composite?
True
Let w = 1703 + 7414. Suppose 9105 = -3*i + 3*r, r + w = -3*i - 0*r. Is (-6)/8 + i/(-8) prime?
True
Suppose -514*g + 513*g - 658 = 0. Suppose -k - 650 = -1987. Let p = k + g. Is p a composite number?
True
Let s(v) = -v**2 - 9*v - 17. Let j be s(-6). Let w be -1*4*(2 - j). Let t(h) = -8*h**3 - 7*h**2 + 8*h + 5. Is t(w) composite?
False
Let w(v) = 43825*v + 14993. Is w(12) a composite number?
True
Let v be (-17)/(68/168)*1/(-2). Let n be -21*((-256)/84 - 6/v). Is (38/247 + n/52)*554 a prime number?
False
Let l = -9471 - -15807. Suppose m = -1381 + l. Is m composite?
True
Let z(r) = 2*r**3 - 18*r**2 + 24*r + 7. Let i = 27 + -17. Is z(i) prime?
False
Let c = -826 - -1900. Suppose 306 + c = 4*g. Suppose u = -4*z + 427, -u - 182 = -5*z + g. Is z prime?
False
Let x be 40/((-40)/5) - -3. Is (-1614)/(-18)*(8 + x/1) prime?
False
Suppose -2*i = -2*h + 4330, 3*h + 374*i - 376*i - 6497 = 0. Is h a prime number?
False
Let n = -13 + 13. Suppose -4*u + 16 = 0, -5*g + n*u = -5*u - 10. Is (8/12)/(g/2979) prime?
True
Suppose -47*f + 23*f + 538296 = 0. Is f a composite number?
True
Let o = 37606 + -10697. Is o composite?
True
Let w = 75692 - 11179. Is w prime?
True
Let g = -67 - -19. Let x = g + 53. Suppose l - 5*h = 1211, 3*l - 4814 = -l + x*h. Is l a composite number?
False
Let b(f) be the first derivative of -2*f**3/3 - 14*f**2 - 2*f - 5. Is b(-12) composite?
True
Let a(m) = 76*m**2 - 5*m + 11. Let k be a(-5). Is (-56 + 57)/(-1 - k/(-1934)) a composite number?
False
Suppose 365*v + 137913 = 366*v. Is v a composite number?
True
Suppose 162*r = 40383198 - 500904. Is r a prime number?
True
Let y(z) = -7313*z - 114. Is y(-11) a composite number?
False
Let l = 2757 - -4048. Is l prime?
False
Let h(v) = -v**3 - v**2 + v - 1679. Let j be h(0). Let u = j + 2545. Let z = -613 + u. Is z a composite number?
True
Suppose 0*q - 929879 = -3*q - 4*m, q - 3*m = 309925. Is q prime?
False
Let q(p) = -2*p - 18. Let n be q(-8). Let v(w) = 32*w**2 + 5*w. Let t be v(n). Let m = t + -59. Is m a prime number?
True
Let m(z) = -45960*z - 649. Is m(-6) prime?
False
Suppose -95*f + 197*f - 117*f + 18697065 = 0. Is f a composite number?
False
Let z(a) = a**3 - 11*a**2 + a - 11. Let t be z(11). Suppose -5*w + 15055 = -t*w. Is w composite?
False
Let x(z) = 28*z**2 + 4*z + 13. Let o be x(9). Let y(d) = -d**3 + 2*d**2 - d - 1410. Let j be y(0). Let i = o + j. Is i prime?
True
Suppose x - 6 = -2*x, -4*g = 5*x - 26. 